-12, -y - 2*c = -2*y - 10. Let h be 3/9 - ((-1448)/y + -1). Let q = -158 - h. What is the remainder when q is divided by 21?
19
Suppose 0 = -a - 86 + 278. Let z = 16 - 2. What is the remainder when ((-2)/(-4))/(4/a) is divided by z?
10
Let j(i) = -2*i**2 + 6*i + 31. What is the remainder when 2880 is divided by j(5)?
9
Suppose 4*c - 22 = 3*w, -5*c + 0*c = 4*w + 50. Let i be (-1285)/(-4) - w/(-40). Suppose -i = -9*k - 78. What is the remainder when k is divided by 15?
12
What is the remainder when (-241)/(-3) + 1/(-3) is divided by 7336/655 - (14/(-5) + 3)?
3
Let n be (-13)/2 + 4 - (-2)/4. Calculate the remainder when 628 is divided by n/(-16)*(310 - 14).
36
Let g(w) = 70*w - 587. What is the remainder when 572 is divided by g(10)?
7
Suppose 3 = 5*y - 4*x - 268, -108 = -2*y + 2*x. Calculate the remainder when (30/4)/15*(211 - -1) is divided by y.
51
Let w = -2 + -1. Calculate the remainder when 38 is divided by 2*w/8 + (-255)/(-20).
2
Suppose -303*m + 10296 = -606*m + 316*m. What is the remainder when m is divided by 57?
51
Let d(j) = -16*j - 148. Let c be d(-44). Suppose 558*f = c*f + 4. Calculate the remainder when 7 is divided by f.
1
Suppose 30*g - 33*g = -132. Suppose 3*j - 3*d = -444, 0 = -5*j + 2*d - 7*d - 730. Let f = -17 - j. What is the remainder when f is divided by g?
42
Suppose 65*x - 9829 - 1806 = 0. Calculate the remainder when 443 is divided by x.
85
Suppose 4*a = -2*j + 754, 0 = -j + 3*j - 6. Suppose -9*l = 2*l - a. What is the remainder when 338 is divided by l?
15
Suppose 5*n + v - 195291 = 0, 0 = -218*n + 219*n + 3*v - 39061. What is the remainder when n is divided by 12?
10
Let a be (2 + 14/2)/((-3)/(-2)). Let s be -7 - (8*(-3)/a - -3). Let b(n) = n**3 + 8*n**2 + 9*n - 9. Calculate the remainder when 80 is divided by b(s).
8
Let n(o) = -18*o**3 - 14*o**2 + 20*o - 11. Calculate the remainder when n(-5) is divided by 14.
11
Let h be (-2)/12*-2*9/3. Suppose 4*f = 13 - 61. What is the remainder when 61 is divided by (-52)/39*(0 + h*f)?
13
Let n(t) = -19*t - 294. Let x(m) = 28*m + 441. Let q(o) = -7*n(o) - 5*x(o). What is the remainder when 146 is divided by q(-28)?
48
Let z(q) = q**2 + 9*q - 4. Let v be z(-10). Suppose -v + 13 = u. What is the remainder when (6/(-4))/(9/(-12)) + 25 is divided by u?
6
Suppose 5*y + 4*g - 257 = 0, -6*y = -5*y - 2*g - 43. Calculate the remainder when y is divided by (-6)/8 + (-345)/(-12).
21
Suppose 4*b - 18 = 2*b. Let p(j) = -j**2 - 18*j - 28. Let h be p(-17). Let k = 26 + h. What is the remainder when k is divided by b?
6
Suppose 168 = 21*s - 14*s. Suppose -8*m + s = -7*m. Calculate the remainder when m is divided by 20.
4
Suppose r + 561 = 4*a, -32*a + 589 = -28*a + 3*r. Calculate the remainder when 326 is divided by a.
42
Let c be 6*(8 - (-11 - 1)/4). Let h = c - 60. What is the remainder when 694/h + (-60)/(-45) is divided by 24?
21
Let w = 617 + -607. Suppose w*l = -6*l + 1664. Calculate the remainder when 412 is divided by l.
100
What is the remainder when 6020 is divided by -6 + 12 + 285 + 52/(-13)?
280
Suppose 179*k - 6747 = 6*k. What is the remainder when 111 is divided by k?
33
Suppose -33*p = -8078 - 1195. What is the remainder when p is divided by 46?
5
Let t(n) be the first derivative of -n**4/4 - 47*n**3/3 - 47*n**2 - 51*n - 235. What is the remainder when t(-45) is divided by 60?
9
Let t(o) = -3*o + 581. Calculate the remainder when t(-26) is divided by 111.
104
Let u(g) = -2*g - 15. Let o be u(-11). Suppose 5*k + o = 22. Suppose 3*r = 4*m + 62, -5*r + 92 = 2*m - k*m. Calculate the remainder when r is divided by 8.
2
Let h be (16/2)/(-1 + 3). Suppose -b = -h*b + 219. Suppose -641*n + 95 = -636*n. What is the remainder when b is divided by n?
16
What is the remainder when 95748/316 - ((-4)/14 + (-88)/(-14)) is divided by 10?
7
Let u = -13 - 100. Suppose -3*x - 12 = 0, 4*n + 20*x = 15*x - 380. Let s = n - u. Calculate the remainder when s is divided by 9.
5
Let q = 115 + -46. Let h = -2147 - -2156. Calculate the remainder when q is divided by h.
6
Let w = -1380 + 1408. Calculate the remainder when 2685 is divided by w.
25
Let r(b) = 64*b**2 + 973*b + 24. Calculate the remainder when r(-16) is divided by 132.
48
Suppose 5*t - 2370 = -2*z - 1472, 4*z - 1796 = 4*t. What is the remainder when z is divided by 62?
15
Let p(r) = -r**3 + 11*r**2 - 10*r - 24. Let i be p(10). Calculate the remainder when 80 is divided by -5*(i/15)/2 + 3.
3
Let h(n) = 119*n + 19567. Calculate the remainder when 1136 is divided by h(-162).
269
Let j(w) = 3*w**3 - 4*w**2 - 2*w - 4. Let f be j(-3). Let x = -257 - -429. Let q = f + x. What is the remainder when q is divided by 15?
12
Let f = -6444 + 6667. Calculate the remainder when f is divided by 55.
3
Calculate the remainder when 728 is divided by -1*2/1*(738/6)/(-3).
72
Suppose -3*i + t = -18 - 3, 4 = 2*i - 4*t. Calculate the remainder when (114/(-285))/(40/(-1300)) is divided by i.
5
Let q be ((-3)/(-6)*2)/(3/111). Suppose -3*m + 297 = k, -q = -3*m + 5*k + 242. Suppose m = 3*l - 46. Calculate the remainder when l is divided by 17.
14
What is the remainder when 647 is divided by 6*((-564)/(-72) - 6)?
9
Let q = -34 - -30. Let h = 136 + -61. What is the remainder when h is divided by 38*(28/(-8) - q)?
18
Suppose 2*l + 341 = 5*n - 2*l, 4*l - 179 = -3*n. Let o(q) = -4 + 10*q - q**2 + 2*q**2 - 2*q**2 + 5. Calculate the remainder when n is divided by o(8).
14
Let t = 14 + -15. Suppose -99 = -9*d + 684. Calculate the remainder when d is divided by (2/6)/(t/(-24)).
7
Suppose -3*l - 3*c + 2 = -8*l, 0 = -3*l + 3*c - 6. Suppose 3*k = 12, -33 = -o + k - l*k. Calculate the remainder when o is divided by (-4)/18 + 184/18.
9
Suppose 0 = -2*x + 7*x - 110. Suppose 5*c = 5*z - 945, -4*z + 1126 - 378 = -2*c. Calculate the remainder when (2368/z)/((-2)/(-10)) is divided by x.
20
Let p be 16/(-2)*(-66 + -59). Suppose 0 = -27*b + 17*b + p. Calculate the remainder when b is divided by 26.
22
Let j(a) = 2*a**2 - 84*a + 908. What is the remainder when 5123 is divided by j(20)?
27
Let q(i) = -18*i - 439. What is the remainder when q(-40) is divided by 499/7 - 8/28?
68
Suppose 0 = -19*k + 2*k + 18513. Suppose -8*i + 17*i = k. Calculate the remainder when i is divided by 33.
22
Let d(o) = -o**3 + 6*o**2 - 66. What is the remainder when d(-11) is divided by 166?
165
Let r = 0 - -6. Suppose -5*d - 1969 = -2*s, 5*d + 3*s = 2*s - 1978. Let z = d + 415. Calculate the remainder when z is divided by r.
2
Let y be 224/(-120) + 2/(-15). Let o be (4 - 5/((-30)/(-33)))*y. Suppose o*s - 253 = 2*a, 99 = s + 2*a + a. Calculate the remainder when s is divided by 44.
43
Let n = 3182 + -2486. What is the remainder when n is divided by 116?
0
Let q(n) = 209*n + 30. Let u be q(-2). What is the remainder when 285 is divided by ((-12)/18)/(4 - u/(-96))?
13
Let b(i) = -11*i + 841. What is the remainder when b(72) is divided by 36?
13
Suppose 5*w + 214*y - 4642 = 218*y, 5*w - 3*y = 4644. What is the remainder when w is divided by 305?
15
Suppose -30*t = -34*t + 124. Suppose 95 = 3*l - t. Suppose -l = 10*r - 12*r. What is the remainder when r is divided by 5?
1
Let z(h) = -8*h**2 - 254*h + 88. What is the remainder when 6618 is divided by z(-32)?
18
Calculate the remainder when (9/4)/(44/10560) is divided by 156.
72
Suppose 5*t + 0*u = -2*u + 31, -5*t = -5*u - 10. Suppose -43*g + 44*g - b - 513 = 0, 1054 = 2*g + t*b. What is the remainder when g is divided by 52?
49
What is the remainder when (-19)/((-1710)/36) + 3369/15 is divided by 102?
21
What is the remainder when 15*6756/36 - 3 is divided by 67?
65
Calculate the remainder when (8 - -1) + -4 - (5/(-5) - 4750) is divided by 122.
120
Suppose 250*q = 249*q + 937. Calculate the remainder when q is divided by 14.
13
Suppose 32*i - 27*i + 15 = 0. Calculate the remainder when 117 is divided by 12/i + (0 - -3 - -16).
12
Suppose 45*w = 4447 + 14858. What is the remainder when w is divided by 36?
33
Let t(q) = q**2 + 9*q + 3. Let f be t(-12). Let z = 43 - f. Suppose -123 = -z*n + 233. What is the remainder when n is divided by 18?
17
Let a = 14705 - 12364. Calculate the remainder when a is divided by 8.
5
Let u(x) = -18*x + 68. What is the remainder when 2303 is divided by u(2)?
31
Suppose 0 = 46*s + 188*s + 58*s - 80300. Calculate the remainder when s is divid